reatest common factor of 413 and 29099?
7
What is the greatest common factor of 85855 and 8855?
385
What is the highest common factor of 1181180 and 3003?
1001
Calculate the greatest common divisor of 2064 and 81872.
688
What is the greatest common factor of 891 and 30?
3
What is the highest common factor of 84 and 3300024?
84
What is the highest common divisor of 2197500 and 225?
75
Calculate the highest common divisor of 519818 and 52.
26
What is the greatest common factor of 4914 and 182?
182
What is the highest common divisor of 558 and 813?
3
What is the greatest common factor of 53108 and 154?
22
What is the greatest common divisor of 332 and 86569?
83
Calculate the highest common divisor of 80256 and 208.
16
What is the highest common divisor of 161607 and 309?
309
Calculate the greatest common divisor of 648 and 44928.
216
Calculate the greatest common divisor of 36436 and 4.
4
Calculate the highest common divisor of 25977 and 33.
3
What is the highest common factor of 373 and 58?
1
Calculate the highest common factor of 686 and 30142.
14
What is the greatest common factor of 624 and 113616?
48
What is the highest common factor of 10388 and 148188?
212
What is the highest common factor of 1166879 and 267?
89
Calculate the highest common divisor of 3382 and 4864.
38
Calculate the highest common divisor of 13772 and 242.
22
What is the highest common factor of 407892 and 912?
228
What is the highest common factor of 16835 and 46865?
455
Calculate the highest common divisor of 1248 and 47736.
312
Calculate the greatest common factor of 34195 and 560.
35
Calculate the greatest common factor of 10465 and 575.
115
Calculate the highest common factor of 781675 and 25.
25
What is the highest common divisor of 104 and 239382?
26
Calculate the greatest common divisor of 3 and 252939.
3
Calculate the greatest common divisor of 580083 and 14.
7
What is the greatest common factor of 35 and 251?
1
Calculate the highest common factor of 408 and 49674.
102
What is the highest common factor of 20221 and 4709?
277
Calculate the greatest common divisor of 27854 and 437.
19
Calculate the greatest common factor of 9370 and 160.
10
Calculate the highest common factor of 12 and 31920.
12
What is the highest common factor of 73570 and 14?
14
What is the greatest common divisor of 1358 and 70?
14
What is the greatest common divisor of 528 and 1296?
48
What is the greatest common divisor of 51 and 41565?
51
Calculate the highest common divisor of 1491 and 12567.
213
What is the greatest common factor of 3749130 and 2772?
1386
What is the greatest common factor of 268371 and 36?
9
Calculate the highest common factor of 21793 and 95.
19
Calculate the greatest common divisor of 1352 and 1464.
8
Calculate the greatest common factor of 1710 and 12559.
19
Calculate the highest common factor of 27351 and 54.
27
Calculate the highest common factor of 1130652 and 19.
19
What is the greatest common divisor of 424 and 56657?
53
What is the greatest common divisor of 338780 and 130?
130
Calculate the greatest common divisor of 379848 and 6552.
168
What is the greatest common factor of 150606 and 54?
54
What is the highest common factor of 855 and 135755?
95
Calculate the highest common divisor of 500 and 95.
5
Calculate the highest common factor of 53 and 343811.
53
Calculate the greatest common divisor of 170 and 17120.
10
What is the highest common divisor of 180 and 57140?
20
What is the highest common divisor of 4175 and 2425?
25
Calculate the greatest common factor of 17 and 1618315.
17
What is the highest common factor of 1655 and 5418139?
331
Calculate the highest common factor of 2295512 and 516.
172
Calculate the greatest common divisor of 731864 and 32.
8
What is the highest common factor of 165 and 42295?
55
Calculate the greatest common factor of 4826 and 190.
38
Calculate the highest common factor of 45 and 526200.
15
What is the highest common divisor of 140 and 13174?
14
What is the highest common divisor of 420258 and 6942?
534
What is the highest common factor of 602 and 434?
14
What is the highest common factor of 1912407 and 7?
7
Calculate the highest common factor of 65 and 9920.
5
What is the greatest common factor of 663 and 413933?
221
What is the greatest common factor of 13559 and 299?
13
What is the greatest common factor of 15144 and 11028?
12
What is the highest common divisor of 996 and 324032?
332
What is the greatest common divisor of 165 and 475585?
55
What is the greatest common divisor of 2452517 and 1?
1
Calculate the highest common divisor of 210 and 110910.
30
What is the highest common factor of 3078 and 21508?
38
Calculate the greatest common divisor of 21723 and 312.
39
Calculate the greatest common divisor of 2187 and 34506.
243
Calculate the greatest common divisor of 213 and 11.
1
Calculate the greatest common divisor of 29268 and 414.
18
Calculate the highest common divisor of 180234 and 342.
342
Calculate the greatest common factor of 355736 and 424.
424
What is the greatest common divisor of 5790 and 7200?
30
What is the highest common divisor of 718164 and 9?
9
What is the highest common factor of 16 and 13807?
1
Calculate the highest common divisor of 528 and 60896.
176
Calculate the greatest common divisor of 125837 and 358.
179
What is the greatest common factor of 43632 and 2616?
24
Calculate the greatest common divisor of 15142 and 100.
2
What is the highest common divisor of 189 and 81?
27
What is the greatest common factor of 57075 and 60?
15
What is the highest common factor of 388 and 205446?
194
What is the greatest common divisor of 3311640 and 96?
24
What is the greatest common divisor of 66759 and 510?
51
Calculate the greatest common factor of 1715 and 6965.
35
What is the highest common divisor of 4692 and 1479?
51
What is the greatest common divisor of 605 and 495616?
121
What is the greatest common factor of 2774530 and 55?
55
What is the highest common factor of 738947 and 591?
197
Calculate the highest common factor of 2262 and 182.
26
What is the highest common divisor of 11571 and 261?
87
Calculate the highest common divisor of 45444 and 847.
7
Calculate the greatest common factor of 621 and 230368.
23
Calculate the greatest common factor of 80 and 3948560.
80
What is the highest common divisor of 2561 and 14963?
13
What is the greatest common divisor of 65 and 2756?
13
What is the greatest common factor of 70 and 67910?
10
Calculate the greatest common factor of 690 and 235275.
15
Calculate the highest common factor of 380 and 76570.
190
What is the highest common factor of 2306040 and 1760?
440
Calculate the greatest common divisor of 574 and 23170.
14
Calculate the highest common divisor of 408 and 51.
51
Calculate the highest common divisor of 1106 and 91672.
14
Calculate the highest common factor of 51 and 64277.
17
What is the greatest common factor of 1368 and 70281?
171
What is the greatest common factor of 1464 and 737246?
122
Calculate the highest common factor of 1120 and 689395.
35
Calculate the greatest common factor of 5 and 11611.
1
Calculate the greatest common divisor of 10 and 237855.
5
What is the highest common factor of 895396 and 2?
2
What is the highest common factor of 1475 and 49265?
295
What is the greatest common divisor of 11381 and 1198?
599
Calculate the greatest common divisor of 27 and 4555899.
27
What is the highest common divisor of 142 and 3448541?
71
What is the highest common divisor of 1065216 and 6132?
876
Calculate the highest common factor of 7640920 and 280.
280
Calculate the highest common divisor of 182 and 1567566.
182
What is the greatest common divisor of 3709362 and 6?
6
What is the greatest common factor of 396152 and 230?
46
What is the greatest common divisor of 13460 and 48?
4
Calculate the greatest common factor of 1148 and 12.
4
What is the highest common divisor of 844 and 388?
4
Calculate the highest common divisor of 47454 and 88.
22
What is the highest common factor of 242315 and 35?
5
What is the highest common divisor of 3558 and 33?
3
What is the highest common divisor of 544789 and 42?
7
What is the greatest common factor of 198 and 2034?
18
Calculate the greatest common divisor of 2190 and 4620.
30
Calculate the highest common divisor of 1